 m(r) = 3*r**2 - r. Let s be m(-1). Suppose -5*o - 2*x = -13, 4*o - 16 = -0*o - 3*x. Let d = s + o. What is the greatest common factor of d and 25?
5
Let b = 7 + -3. What is the highest common factor of 12 and b?
4
Let k be (-1476)/7 - 2/14. Let v = k - -451. Calculate the greatest common divisor of 30 and v.
30
Suppose 10 = -5*v, 4*o + 4*v + v = -46. Let l = o + 11. Suppose -2*i + i = -2*g - 16, l*g - 16 = -3*i. Calculate the greatest common factor of i and 8.
8
Let l be (-2)/(-4)*22 - 0. Let d be (3 - 1) + (l - -1). What is the highest common factor of 70 and d?
14
Let c be (-13)/(-65) + (-1349)/(-5). Calculate the highest common divisor of 30 and c.
30
Let z(p) = -p - 3. Let q be z(5). Let m = q + 11. Suppose 198 = -a + m*a. Calculate the greatest common factor of a and 11.
11
Let z(n) = n**3 - 2*n**2 - 9*n - 6. Let v be 3 + (2 - 0/(-3)). Let d be z(v). What is the highest common divisor of 16 and d?
8
Suppose 6*x + 4*x - 90 = 0. Calculate the greatest common divisor of 54 and x.
9
Suppose -14 = -2*d + 2. Calculate the highest common divisor of 2 and d.
2
Let w = 231 + -114. What is the greatest common factor of w and 13?
13
Let w be 8/(-10)*(-35)/2. What is the highest common factor of 112 and w?
14
Suppose -5*z + z + 16 = 0. Let s be 1/z - (-19)/4. Let b = 6 + -1. Calculate the greatest common factor of b and s.
5
Suppose -3*u = 5*b + 69, -4*u = 3*b - 41 + 133. Let w be u/(-5) + (-4)/(-10). Let h(c) = 5*c. Let l be h(w). Calculate the greatest common divisor of l and 5.
5
Let y(d) = d + 8. Let x be y(-8). Suppose x = 3*t - 5*c - 69, -5*t + c + 71 + 22 = 0. Let n be (-2 - -1)*-3*t. What is the greatest common factor of 6 and n?
6
Let z be 58/10 - (-5)/25. Calculate the greatest common factor of 9 and z.
3
Suppose 0 = -p + 3*v + 1, 0*p - p - 5*v = 7. Let i be 5/1 + p/1. Suppose -5*j + 2*w + 41 = 3*w, 0 = i*w + 12. What is the highest common factor of 18 and j?
9
Let j = -55 + 99. Suppose j = 5*o - 301. Let z = o - 21. What is the greatest common divisor of 12 and z?
12
Suppose 0 = a + 4*a + 20, 5*s - 54 = a. Suppose -2*r + s = -10. Calculate the highest common factor of r and 50.
10
Suppose 2*i - 125 - 105 = 0. Suppose i + 3 = -2*z. Let j = 51 - z. Calculate the highest common factor of 10 and j.
10
Suppose 3*u - 132 = -5*h + 3*h, h = -4*u + 71. Let g be ((-6)/(-4))/((-2)/(-28)). Calculate the highest common factor of h and g.
21
Suppose -7*o = -2*o - 165. Suppose -3*g = o + 45. Let d = 44 + g. Calculate the highest common factor of d and 27.
9
Let x(q) = q + 10. Let m be x(-7). Suppose 5*a - m*d + 0*d - 68 = 0, -5*a + 5*d = -70. What is the highest common factor of 39 and a?
13
Let y(n) = n**3 - 5*n**2 - 4*n. Let m be y(6). Suppose -g + 2*r + 24 = -2*r, -3*g + 45 = -3*r. What is the greatest common factor of g and m?
12
Let p be (12/7)/((-3)/(-21)). Suppose -p = -o - 5. What is the greatest common factor of o and 28?
7
Let w(c) be the second derivative of c**3/3 - 3*c**2 - 3*c. Let m be w(4). Suppose -8 = -m*l + 36. Calculate the highest common divisor of l and 198.
22
Suppose -4*l + 36 = 4*y, -3*l = 5*y - l - 36. What is the highest common factor of 1 and y?
1
Suppose -5*t - 91 = -121. Let p be (-1)/(-4) + 98/(-8). Let o = 21 + p. What is the greatest common factor of t and o?
3
Let o(l) = l**3 + 5*l**2 - 3. Let a be o(-6). Let r = a - -111. What is the greatest common divisor of r and 48?
24
Suppose -2*h + 28 - 12 = 0. Calculate the greatest common divisor of 64 and h.
8
Let f be 1/(-4) + (-450)/(-8). Suppose -2*v + 6*v - f = 0. Let k = 158 + -88. What is the highest common factor of k and v?
14
Let r(c) = -9*c - 3. Let l be r(-2). Calculate the greatest common divisor of l and 5.
5
Let c(s) = -24*s + 1. Let x be c(-1). Calculate the highest common factor of x and 25.
25
Suppose -31 - 33 = -4*w - 2*t, -4*t = w - 23. What is the highest common divisor of 180 and w?
15
Suppose -4*p = c - 5, -c = 2*p + 3*p - 7. Let j be p/8 - (-3235)/20. What is the highest common divisor of 18 and j?
18
Suppose -2*d + 132 = 9*d. What is the highest common divisor of 1 and d?
1
Suppose -4*q = -3*q - 7. Calculate the highest common factor of 77 and q.
7
Let s = -4 + 3. Let i be s/(-2)*(5 + -1). Let r be (11/(-2))/(i/(-20)). Calculate the greatest common factor of 22 and r.
11
Let b be 11 - (0 + -2) - -2. What is the highest common factor of b and 165?
15
Let s(x) = x**2 + x - 8. Let q be s(5). What is the highest common factor of q and 22?
22
Suppose 4*n - 200 = -64. What is the greatest common divisor of 204 and n?
34
Suppose -o + 0*o + 70 = 0. Calculate the greatest common divisor of 105 and o.
35
Let r be (-1)/2 - (-418)/44. Calculate the greatest common divisor of 72 and r.
9
Suppose -5*h - 6 = -5*j - 2*h, 3 = -j + 2*h. Suppose 0 = -4*v + j*v + 1. Let z = 11 - 7. What is the highest common divisor of z and v?
1
Let g be 6 - 3 - -1*3. Let p be ((-1)/(-2))/((-1)/(-8)). What is the highest common divisor of p and g?
2
Let z be (-3)/((-1)/(0 - -1)). Let n be 4/(z + -1 - 0). What is the highest common divisor of 14 and n?
2
Suppose -4*v = -13 + 5. Suppose v*z - 76 = -28. What is the greatest common factor of z and 216?
24
Let i(r) = 3*r + 2. Suppose -o - 1 = -2*l + 2, 0 = -2*l + 4*o - 6. Let b = l - 1. Let z be i(b). Calculate the highest common factor of 88 and z.
8
Let q(j) = j + 45. Let p = -8 + 8. Let v be q(p). What is the greatest common divisor of v and 9?
9
Let u be ((-14)/35)/((-1)/5). Suppose -5*b + u*i + 290 = 0, -4*i = -2*b + 118 + 14. What is the highest common factor of b and 8?
8
Suppose -4*i + 0 = -4. Let m be ((18/(-4))/(-3))/(93/124). What is the greatest common factor of m and i?
1
Let q(k) = -k**2 + 12*k + 6. Let x be q(10). Suppose -133 = -4*o - 29. What is the greatest common divisor of x and o?
26
Suppose 5*c = -2*a + 427, -5*a - 360 = -4*c - 2*a. Let j = c + -39. Calculate the greatest common factor of j and 24.
24
Let j(y) = y**2 - y - 1. Let b(w) = 8*w**2 - 7*w - 5. Let z(n) = b(n) - 6*j(n). Let r be z(1). Let o = 17 + -9. Calculate the greatest common factor of o and r.
2
Let v(p) = 4 + p**3 - 3*p - p**2 + 0*p**3 + 4*p**3. Let i be v(3). What is the highest common factor of 11 and i?
11
Let s = -65 - -95. Suppose 0 = 2*b - 0*b - s. Let g = 96 + -66. Calculate the highest common divisor of b and g.
15
Let y = 1 - -25. What is the greatest common factor of 208 and y?
26
Let t = -4 + -7. Let n = 13 + t. What is the highest common factor of n and 10?
2
Suppose -3*y + 3*q = -16 - 8, 3*y + 3*q = 18. Calculate the highest common factor of 42 and y.
7
Suppose -5*n = 5, -2*t = -2*n - 5 - 1. What is the greatest common divisor of 5 and t?
1
Suppose 5*t = 15, 0 = -0*m - m - 3*t + 13. Suppose -m*s = -s. Suppose 0*q + 4*q - 24 = s. Calculate the greatest common divisor of 42 and q.
6
Let g be 39/33 - 8/44. Suppose r - 39 - g = 0. What is the greatest common factor of 16 and r?
8
Suppose -4*b + 274 = 22. Let p be 7/(-2)*(0 + -2). What is the greatest common factor of p and b?
7
Let j be (-510)/(-21) + (-2)/7. Let k = 52 - j. Let t be (k/(-6))/(2/(-6)). What is the greatest common divisor of 21 and t?
7
Let u = 0 - -15. Calculate the greatest common divisor of u and 15.
15
Suppose -4*t - 231 = -7*t. Suppose 28 - 6 = 2*w. What is the highest common divisor of t and w?
11
Let v = -54 + 82. Let b = 82 + -40. Calculate the highest common divisor of b and v.
14
Let g be (-2 - -15)/1 + 1. Suppose n - g - 4 = 0. What is the greatest common factor of n and 12?
6
Let i be (-6)/(-9) - 42/9. Let y be i/6 + (-14)/(-3). Calculate the greatest common factor of y and 6.
2
Suppose 0 = -9*u + 5*u. Suppose 4*b - 8*b + 60 = u. Calculate the highest common divisor of b and 105.
15
Let c be 2/10 - 267/(-15). Let w(f) = -f**3 - 1 - 5 - f**3 - 5*f - f**2. Let p be w(-4). What is the highest common factor of c and p?
18
Suppose 14*r - 291 = -81. What is the highest common factor of r and 240?
15
Suppose -2*w = 0, 2*w = -4*u + w. Suppose 6*q - 2*q - 152 = u. Let l be (-95)/1*(0 + -1). Calculate the greatest common divisor of q and l.
19
Suppose 1 = -n, 0 = 4*d + n - 2*n - 193. What is the highest common divisor of d and 12?
12
Let s = 3 + 1. Suppose 5*c - 46 - 117 = -4*d, 80 = 2*d + s*c. Calculate the greatest common divisor of d and 7.
7
Suppose 0 = -5*t + 3*k + 49,